{"id":390,"date":"2016-01-07T05:57:45","date_gmt":"2016-01-07T04:57:45","guid":{"rendered":"http:\/\/demo3.loc\/?page_id=390"},"modified":"2025-05-20T02:59:47","modified_gmt":"2025-05-20T00:59:47","slug":"nos-partenaires","status":"publish","type":"page","link":"https:\/\/davidbayang.com\/index.php\/nos-partenaires\/","title":{"rendered":"Nos partenaires"},"content":{"rendered":"\t\t<div data-elementor-type=\"wp-page\" data-elementor-id=\"390\" class=\"elementor elementor-390\">\n\t\t\t\t\t\t<section class=\"elementor-section elementor-top-section elementor-element elementor-element-7512116 elementor-section-boxed elementor-section-height-default elementor-section-height-default\" data-id=\"7512116\" data-element_type=\"section\" data-settings=\"{&quot;background_background&quot;:&quot;classic&quot;}\">\n\t\t\t\t\t\t<div class=\"elementor-container elementor-column-gap-default\">\n\t\t\t\t\t<div class=\"elementor-column elementor-col-75 elementor-top-column elementor-element elementor-element-7512abb\" data-id=\"7512abb\" data-element_type=\"column\">\n\t\t\t<div class=\"elementor-widget-wrap elementor-element-populated\">\n\t\t\t\t\t\t<section class=\"elementor-section elementor-top-section elementor-element elementor-element-7513100 elementor-section-boxed elementor-section-height-default elementor-section-height-default\" data-id=\"7513100\" data-element_type=\"section\" data-settings=\"{&quot;background_background&quot;:&quot;classic&quot;}\">\n\t\t\t\t\t\t<div class=\"elementor-container elementor-column-gap-default\">\n\t\t\t\t\t<div class=\"elementor-column elementor-col-100 elementor-top-column elementor-element elementor-element-7513831\" data-id=\"7513831\" data-element_type=\"column\">\n\t\t\t<div class=\"elementor-widget-wrap elementor-element-populated\">\n\t\t\t\t\t\t<div class=\"elementor-element elementor-element-7514d4f elementor-widget elementor-widget-stm_partner\" data-id=\"7514d4f\" data-element_type=\"widget\" data-widget_type=\"stm_partner.default\">\n\t\t\t\t<div class=\"elementor-widget-container\">\n\t\t\t\t\t<div class=\"stm_partner consulting_elementor_partner style_2\">\n            <div class=\"image\">\n            <img decoding=\"async\" class=\"\" src=\"https:\/\/davidbayang.com\/wp-content\/uploads\/2021\/02\/2-2.png\" width=\"150\" height=\"90\" alt=\"2\" title=\"2\" \/>        <\/div>\n        <div class=\"stm_partner_content\">\n                                                                        <h4 class=\"no_stripe\"><a href=\"https:\/\/www.sortirdunucleaire.org\" target=\"_self\"> R\u00c9SEAU \u00ab\u00a0SORTIR DU NUCL\u00c9AIRE\u00bb <\/a><\/h4>\n                                                                <div class=\"description\">Le R\u00e9seau \u00ab\u00a0Sortir du Nucl\u00e9aire\u00a0\u00bb rassemble aujourd\u2019hui 723 associations et plus de 14 000 individus. Association libre et ind\u00e9pendante, elle est financ\u00e9e exclusivement gr\u00e2ce aux dons et cotisations de ses membres. \nSon r\u00f4le est de r\u00e9unir toutes les personnes qui souhaitent exprimer leur volont\u00e9 d\u2019une sortie du nucl\u00e9aire. En rassemblant les citoyens oppos\u00e9s au nucl\u00e9aire, l\u2019association cr\u00e9e un rapport de force avec le Gouvernement pour obtenir des r\u00e9sultats concrets.<\/div>\n                    <\/div>\n<\/div>\t\t\t\t<\/div>\n\t\t\t\t<\/div>\n\t\t\t\t<div class=\"elementor-element elementor-element-7515135 elementor-widget elementor-widget-stm_partner\" data-id=\"7515135\" data-element_type=\"widget\" data-widget_type=\"stm_partner.default\">\n\t\t\t\t<div class=\"elementor-widget-container\">\n\t\t\t\t\t<div class=\"stm_partner consulting_elementor_partner style_2\">\n            <div class=\"image\">\n            <img decoding=\"async\" class=\"\" src=\"https:\/\/davidbayang.com\/wp-content\/uploads\/2021\/02\/3-2.png\" width=\"150\" height=\"90\" alt=\"3\" title=\"3\" \/>        <\/div>\n        <div class=\"stm_partner_content\">\n                                                                        <h4 class=\"no_stripe\"><a href=\"https:\/\/iday.org\" target=\"_self\">IDAY<\/a><\/h4>\n                                                                <div class=\"description\">Tous les enfants ont droit \u00e0 un enseignement de base de qualit\u00e9. IDAY existe parce que trop d\u2019enfants et de jeunes africains en sont priv\u00e9s.\nL\u2019Afrique dispose des ressources n\u00e9cessaires, ce sont leur allocation et leur utilisation qui doivent changer et la soci\u00e9t\u00e9 civile locale a un r\u00f4le moteur \u00e0 jouer pour accompagner ce changement.\nLe dialogue et la confiance entre les citoyens et leurs gouvernements sont la pierre angulaire du d\u00e9veloppement et du respect des droits fondamentaux. Conscient de cela, le r\u00e9seau interpelle les d\u00e9cideurs et m\u00e8ne des actions pour que chaque enfant et jeune en Afrique jouisse de son droit \u00e0 une \u00e9ducation de base de qualit\u00e9 et gratuite.<\/div>\n                    <\/div>\n<\/div>\t\t\t\t<\/div>\n\t\t\t\t<\/div>\n\t\t\t\t<div class=\"elementor-element elementor-element-75153fc elementor-widget elementor-widget-stm_partner\" data-id=\"75153fc\" data-element_type=\"widget\" data-widget_type=\"stm_partner.default\">\n\t\t\t\t<div class=\"elementor-widget-container\">\n\t\t\t\t\t<div class=\"stm_partner consulting_elementor_partner style_2\">\n            <div class=\"image\">\n            <img decoding=\"async\" class=\"\" src=\"https:\/\/davidbayang.com\/wp-content\/uploads\/2021\/02\/4-2.png\" width=\"150\" height=\"90\" alt=\"4\" title=\"4\" \/>        <\/div>\n        <div class=\"stm_partner_content\">\n                                                                        <h4 class=\"no_stripe\"><a href=\"https:\/\/codascaritasngaoundere.wordpress.com\" target=\"_self\">CODAS-CARITAS<\/a><\/h4>\n                                                                <div class=\"description\">Le CODAS-Caritas de Ngaound\u00e9r\u00e9 est la structure de d\u00e9veloppement de L\u2019\u00c9glise catholique dans le dioc\u00e8se de Ngaound\u00e9r\u00e9, plac\u00e9 sous la pr\u00e9sidence de l\u2019\u00c9v\u00eaque Monseigneur Emmanuel ABBO.\nNotre mission est l\u2019augmentation de l\u2019efficacit\u00e9 de la contribution de L\u2019\u00c9glise aux efforts de promotion int\u00e9grale de la personne et de la communaut\u00e9 humaine, et cela sans exclusive, conform\u00e9ment \u00e0 la doctrine sociale de l\u2019\u00c9glise.\n<\/div>\n                    <\/div>\n<\/div>\t\t\t\t<\/div>\n\t\t\t\t<\/div>\n\t\t\t\t<div class=\"elementor-element elementor-element-2a74dd3 elementor-widget elementor-widget-stm_partner\" data-id=\"2a74dd3\" data-element_type=\"widget\" data-widget_type=\"stm_partner.default\">\n\t\t\t\t<div class=\"elementor-widget-container\">\n\t\t\t\t\t<div class=\"stm_partner consulting_elementor_partner style_2\">\n            <div class=\"image\">\n            <img loading=\"lazy\" decoding=\"async\" class=\"\" src=\"https:\/\/davidbayang.com\/wp-content\/uploads\/2021\/02\/5-2.png\" width=\"150\" height=\"90\" alt=\"5\" title=\"5\" \/>        <\/div>\n        <div class=\"stm_partner_content\">\n                                                                        <h4 class=\"no_stripe\"><a href=\"https:\/\/gredevel.fr\" target=\"_self\">GREDEVEL<\/a><\/h4>\n                                                                <div class=\"description\">Le Groupe de r\u00e9flexion et d&#039;action pour le d\u00e9veloppement rural (GREDEVEL) est une association qui est n\u00e9e le 27 Ao\u00fbt 2009 de la volont\u00e9 d&#039;un groupe des personnes engag\u00e9 \u00e0 mettre en commun leurs connaissances et leurs efforts dans une vision d&#039;autopromotion des plus d\u00e9favoris\u00e9es et vuln\u00e9rables d\u2019Afrique.\u00a0 Elle a \u00e9t\u00e9 enregistr\u00e9e par la Pr\u00e9fecture au Cameroun sous le num\u00e9ro<\/div>\n                    <\/div>\n<\/div>\t\t\t\t<\/div>\n\t\t\t\t<\/div>\n\t\t\t\t<div class=\"elementor-element elementor-element-df42da2 elementor-widget elementor-widget-stm_partner\" data-id=\"df42da2\" data-element_type=\"widget\" data-widget_type=\"stm_partner.default\">\n\t\t\t\t<div class=\"elementor-widget-container\">\n\t\t\t\t\t<div class=\"stm_partner consulting_elementor_partner style_2\">\n            <div class=\"image\">\n            <img loading=\"lazy\" decoding=\"async\" class=\"\" src=\"https:\/\/davidbayang.com\/wp-content\/uploads\/2021\/02\/6-2.png\" width=\"150\" height=\"90\" alt=\"6\" title=\"6\" \/>        <\/div>\n        <div class=\"stm_partner_content\">\n                                                                        <h4 class=\"no_stripe\"><a href=\"http:\/\/www.camtome.it\" target=\"_self\">CAM TO ME<\/a><\/h4>\n                                                                <div class=\"description\">L&#039;association s&#039;appelle CAM TO ME - Organisation des Volontaires - bas\u00e9e \u00e0 Busto Arsizio en Italie. \nL&#039;Association poursuit exclusivement des objectifs civiques, solidaires et d&#039;utilit\u00e9 sociale. Les activit\u00e9s d&#039;int\u00e9r\u00eat g\u00e9n\u00e9ral sont exerc\u00e9es principalement en faveur de certaines cibles bas\u00e9es au Cambodge, au Cameron, en Italie et au P\u00e9rou. \nL&#039;Association poursuit sp\u00e9cifiquement les objectifs suivants :\nMettre en \u0153uvre et soutenir des projets \u00e0 l&#039;\u00e9tranger pour le d\u00e9veloppement sanitaire, \u00e9ducatif, social et culturel de la population locale\nPromouvoir l&#039;affirmation des droits de l&#039;homme \u00e0 travers des initiatives et des projets collaboratifs entre des peuples de cultures et de religions diff\u00e9rentes. \nMettre en \u0153uvre des propositions, des formations, des informations et des \u00e9v\u00e9nements de sensibilisation en Italie. \n<\/div>\n                    <\/div>\n<\/div>\t\t\t\t<\/div>\n\t\t\t\t<\/div>\n\t\t\t\t<div class=\"elementor-element elementor-element-7513e26 elementor-widget elementor-widget-stm_partner\" data-id=\"7513e26\" data-element_type=\"widget\" data-widget_type=\"stm_partner.default\">\n\t\t\t\t<div class=\"elementor-widget-container\">\n\t\t\t\t\t<div class=\"stm_partner consulting_elementor_partner style_2\">\n            <div class=\"image\">\n            <img loading=\"lazy\" decoding=\"async\" class=\"\" src=\"https:\/\/davidbayang.com\/wp-content\/uploads\/2021\/02\/1-2.png\" width=\"150\" height=\"90\" alt=\"1\" title=\"1\" \/>        <\/div>\n        <div class=\"stm_partner_content\">\n                                                                        <h4 class=\"no_stripe\"><a href=\"https:\/\/www.peaceresources.net\" target=\"_self\">GROUPE RESSOURCES POUR LA PAIX<\/a><\/h4>\n                                                                <div class=\"description\">Le Groupe Ressources pour la Paix est un outil au service de tous ceux qui cherchent la paix et de toutes les personnes et populations qui sont affect\u00e9es par les conflits et violences.<\/div>\n                    <\/div>\n<\/div>\t\t\t\t<\/div>\n\t\t\t\t<\/div>\n\t\t\t\t<div class=\"elementor-element elementor-element-8508570 elementor-widget elementor-widget-stm_partner\" data-id=\"8508570\" data-element_type=\"widget\" data-widget_type=\"stm_partner.default\">\n\t\t\t\t<div class=\"elementor-widget-container\">\n\t\t\t\t\t<div class=\"stm_partner consulting_elementor_partner style_2\">\n            <div class=\"image\">\n            <img loading=\"lazy\" decoding=\"async\" class=\"\" src=\"https:\/\/davidbayang.com\/wp-content\/uploads\/2024\/03\/image_14.jpg.jpg\" width=\"150\" height=\"90\" alt=\"image_14.jpg\" title=\"image_14.jpg\" \/>        <\/div>\n        <div class=\"stm_partner_content\">\n                                                                        <h4 class=\"no_stripe\"><a href=\"https:\/\/omicameroun.org\/\" target=\"_self\">OMI<\/a><\/h4>\n                                                                <div class=\"description\">Le charisme des OMI trouve son origine dans une histoire, l\u2019histoire d\u2019un jeune homme, Eug\u00e8ne de Mazenod. Toute sa vie, il a exp\u00e9riment\u00e9, en lui-m\u00eame, l\u2019amour mis\u00e9ricordieux de Dieu, manifest\u00e9 en J\u00e9sus-Christ, le Sauveur crucifi\u00e9. Les OMI aussi, inspir\u00e9s par leur Fondateur, reconnaissent la puissance du Christ. Les OMI veulent Evang\u00e9liser. C\u2019est-\u00e0-dure, le faire conna\u00eetre, par la vie, la joie de la Bonne Nouvelle.<\/div>\n                    <\/div>\n<\/div>\t\t\t\t<\/div>\n\t\t\t\t<\/div>\n\t\t\t\t<div class=\"elementor-element elementor-element-4f3aa12 elementor-widget elementor-widget-stm_partner\" data-id=\"4f3aa12\" data-element_type=\"widget\" data-widget_type=\"stm_partner.default\">\n\t\t\t\t<div class=\"elementor-widget-container\">\n\t\t\t\t\t<div class=\"stm_partner consulting_elementor_partner style_2\">\n            <div class=\"image\">\n            <img loading=\"lazy\" decoding=\"async\" class=\"\" src=\"https:\/\/davidbayang.com\/wp-content\/uploads\/2024\/03\/image_13-1.jpg\" width=\"150\" height=\"90\" alt=\"image_13\" title=\"image_13\" \/>        <\/div>\n        <div class=\"stm_partner_content\">\n                                                                        <h4 class=\"no_stripe\"><a href=\"https:\/\/aefjn-cmr.org\/\" target=\"_self\">RESEAU FOI ET JUSTICE<\/a><\/h4>\n                                                                <div class=\"description\">Motiv\u00e9s par notre foi chr\u00e9tienne et nourris par l&#039;enseignement social de l&#039;\u00c9glise, nous nous effor\u00e7ons d&#039;\u00eatre vigilants partout o\u00f9 se prennent les d\u00e9cisions politiques concernant les relations \u00e9conomiques entre l&#039;Afrique et l&#039;Europe.\nCitoyens de nos pays et de l&#039;Union europ\u00e9enne, nous exer\u00e7ons un lobbying aupr\u00e8s des d\u00e9cideurs au niveau national par l&#039;interm\u00e9diaire de nos antennes et, au niveau europ\u00e9en, par l&#039;interm\u00e9diaire du Secr\u00e9tariat international \u00e0 Bruxelles.\nEn r\u00e9seautant au sein de nos communaut\u00e9s et de nos \u00c9glises, nous nous associons \u00e0 d&#039;autres groupes religieux et de la soci\u00e9t\u00e9 civile aux niveaux national et international pour faire avancer la cause commune d&#039;un monde respectueux, bienveillant et juste.<\/div>\n                    <\/div>\n<\/div>\t\t\t\t<\/div>\n\t\t\t\t<\/div>\n\t\t\t\t<div class=\"elementor-element elementor-element-6c76de5 elementor-widget elementor-widget-stm_partner\" data-id=\"6c76de5\" data-element_type=\"widget\" data-widget_type=\"stm_partner.default\">\n\t\t\t\t<div class=\"elementor-widget-container\">\n\t\t\t\t\t<div class=\"stm_partner consulting_elementor_partner style_2\">\n            <div class=\"image\">\n            <img loading=\"lazy\" decoding=\"async\" class=\"\" src=\"https:\/\/davidbayang.com\/wp-content\/uploads\/2024\/03\/image_12-1.jpg\" width=\"150\" height=\"90\" alt=\"image_12\" title=\"image_12\" \/>        <\/div>\n        <div class=\"stm_partner_content\">\n                                                                        <h4 class=\"no_stripe\"><a href=\"https:\/\/www.misereor.org\/fr\" target=\"_self\">MISEREOR<\/a><\/h4>\n                                                                <div class=\"description\">Misereor est l\u2019Oeuvre de l\u2019\u00c9glise catholique en Allemagne charg\u00e9e du d\u00e9veloppement; elle a re\u00e7u son mandat de la Conf\u00e9rence des \u00e9v\u00eaques. Depuis plus de 60 ans, Misereor lutte contre la pauvret\u00e9 en Afrique, Asie, Am\u00e9rique latine et Oc\u00e9anie et aide sans distinction les gens dans le besoin, quels que soient leur religion, leur couleur de peau ou leur sexe.<\/div>\n                    <\/div>\n<\/div>\t\t\t\t<\/div>\n\t\t\t\t<\/div>\n\t\t\t\t\t<\/div>\n\t\t<\/div>\n\t\t\t\t\t<\/div>\n\t\t<\/section>\n\t\t\t\t\t<\/div>\n\t\t<\/div>\n\t\t\t\t<div class=\"elementor-column elementor-col-25 elementor-top-column elementor-element elementor-element-75156da\" data-id=\"75156da\" data-element_type=\"column\">\n\t\t\t<div class=\"elementor-widget-wrap elementor-element-populated\">\n\t\t\t\t\t\t<div class=\"elementor-element elementor-element-7515ce9 elementor-widget elementor-widget-stm_sidebar\" data-id=\"7515ce9\" data-element_type=\"widget\" data-widget_type=\"stm_sidebar.default\">\n\t\t\t\t<div class=\"elementor-widget-container\">\n\t\t\t\t\t\n<div class=\"stm_sidebar consulting_elementor_sidebar\">\n\n            \t\t<div data-elementor-type=\"wp-post\" data-elementor-id=\"311\" class=\"elementor elementor-311\">\n\t\t\t\t\t\t<section class=\"elementor-section elementor-top-section elementor-element elementor-element-2bfea1e elementor-section-boxed elementor-section-height-default elementor-section-height-default\" data-id=\"2bfea1e\" data-element_type=\"section\">\n\t\t\t\t\t\t<div class=\"elementor-container elementor-column-gap-default\">\n\t\t\t\t\t<div class=\"elementor-column elementor-col-100 elementor-top-column elementor-element elementor-element-276d0b5\" data-id=\"276d0b5\" data-element_type=\"column\">\n\t\t\t<div class=\"elementor-widget-wrap elementor-element-populated\">\n\t\t\t\t\t\t<div class=\"elementor-element elementor-element-a03d0b5 elementor-widget elementor-widget-wp-widget-pages\" data-id=\"a03d0b5\" data-element_type=\"widget\" data-widget_type=\"wp-widget-pages.default\">\n\t\t\t\t<div class=\"elementor-widget-container\">\n\t\t\t\t\t<aside class='widget widget_pages'><h5 class=\"widget_title\">Pages<\/h5>\n\t\t\t<ul>\n\t\t\t\t<li class=\"page_item page-item-390\"><a href=\"https:\/\/davidbayang.com\/index.php\/nos-partenaires\/\">Nos partenaires<\/a><\/li>\n<li class=\"page_item page-item-344\"><a href=\"https:\/\/davidbayang.com\/index.php\/notre-approche\/\">Notre approche<\/a><\/li>\n<li class=\"page_item page-item-7002\"><a href=\"https:\/\/davidbayang.com\/index.php\/nous-connaitre\/\">Nous conna\u00eetre<\/a><\/li>\n\t\t\t<\/ul>\n\n\t\t\t<\/aside>\t\t\t\t<\/div>\n\t\t\t\t<\/div>\n\t\t\t\t\t<\/div>\n\t\t<\/div>\n\t\t\t\t\t<\/div>\n\t\t<\/section>\n\t\t\t\t<section class=\"elementor-section elementor-top-section elementor-element elementor-element-8b33444 third_bg_color elementor-section-boxed elementor-section-height-default elementor-section-height-default\" data-id=\"8b33444\" data-element_type=\"section\" data-settings=\"{&quot;background_background&quot;:&quot;classic&quot;}\">\n\t\t\t\t\t\t<div class=\"elementor-container elementor-column-gap-default\">\n\t\t\t\t\t<div class=\"elementor-column elementor-col-100 elementor-top-column elementor-element elementor-element-8b33c62\" data-id=\"8b33c62\" data-element_type=\"column\" data-settings=\"{&quot;background_background&quot;:&quot;classic&quot;}\">\n\t\t\t<div class=\"elementor-widget-wrap elementor-element-populated\">\n\t\t\t\t\t\t<div class=\"elementor-element elementor-element-8b3416e elementor-widget elementor-widget-vc_custom_heading\" data-id=\"8b3416e\" data-element_type=\"widget\" data-widget_type=\"vc_custom_heading.default\">\n\t\t\t\t<div class=\"elementor-widget-container\">\n\t\t\t\t\t<div class=\" vc_custom_heading  consulting_heading_font  text_align_left\" ><div style=\"font-size: 16px;color: #222222;text-align: left;font-weight:700\" class=\"consulting-custom-title\">Comment pouvons-nous vous aider ?\n<\/div><\/div>\t\t\t\t<\/div>\n\t\t\t\t<\/div>\n\t\t\t\t<div class=\"elementor-element elementor-element-8b34671 elementor-widget elementor-widget-text-editor\" data-id=\"8b34671\" data-element_type=\"widget\" data-widget_type=\"text-editor.default\">\n\t\t\t\t<div class=\"elementor-widget-container\">\n\t\t\t\t\t\t\t\t\t<p>Contactez-nous et soumettez vos attentes. Nous allons vous r\u00e9pondre dans les brefs d\u00e9lais<\/p>\n\t\t\t\t\t\t\t\t<\/div>\n\t\t\t\t<\/div>\n\t\t\t\t<div class=\"elementor-element elementor-element-8b34ad1 elementor-widget__width-auto elementor-widget elementor-widget-button\" data-id=\"8b34ad1\" data-element_type=\"widget\" data-widget_type=\"button.default\">\n\t\t\t\t<div class=\"elementor-widget-container\">\n\t\t\t\t\t\t\t\t\t<div class=\"elementor-button-wrapper icon_align_  \">\n\t\t\t\t\t<a class=\"elementor-button elementor-button-link elementor-size-sm\" href=\"https:\/\/davidbayang.com\/index.php\/contact\/\">\n\t\t\t\t\t\t<span class=\"elementor-button-content-wrapper\">\n\t\t\t\t\t\t<span class=\"elementor-button-icon\">\n\t\t\t\t<i aria-hidden=\"true\" class=\"fa fa-phone-square\"><\/i>\t\t\t<\/span>\n\t\t\t\t\t\t\t\t\t<span class=\"elementor-button-text\">Contacts<\/span>\n\t\t\t\t\t<\/span>\n\t\t\t\t\t<\/a>\n\t\t\t\t<\/div>\n\t\t\t\t\t\t\t\t<\/div>\n\t\t\t\t<\/div>\n\t\t\t\t\t<\/div>\n\t\t<\/div>\n\t\t\t\t\t<\/div>\n\t\t<\/section>\n\t\t\t\t<section class=\"elementor-section elementor-top-section elementor-element elementor-element-8b35636 elementor-section-boxed elementor-section-height-default elementor-section-height-default\" data-id=\"8b35636\" data-element_type=\"section\">\n\t\t\t\t\t\t<div class=\"elementor-container elementor-column-gap-default\">\n\t\t\t\t\t<div class=\"elementor-column elementor-col-100 elementor-top-column elementor-element elementor-element-8b35b09\" data-id=\"8b35b09\" data-element_type=\"column\">\n\t\t\t<div class=\"elementor-widget-wrap\">\n\t\t\t\t\t\t\t<\/div>\n\t\t<\/div>\n\t\t\t\t\t<\/div>\n\t\t<\/section>\n\t\t\t\t<section class=\"elementor-section elementor-top-section elementor-element elementor-element-4cf66c5 elementor-section-boxed elementor-section-height-default elementor-section-height-default\" data-id=\"4cf66c5\" data-element_type=\"section\">\n\t\t\t\t\t\t<div class=\"elementor-container elementor-column-gap-default\">\n\t\t\t\t\t<div class=\"elementor-column elementor-col-100 elementor-top-column elementor-element elementor-element-28070c8\" data-id=\"28070c8\" data-element_type=\"column\">\n\t\t\t<div class=\"elementor-widget-wrap elementor-element-populated\">\n\t\t\t\t\t\t<div class=\"elementor-element elementor-element-8b35eec elementor-widget elementor-widget-stm_testimonials\" data-id=\"8b35eec\" data-element_type=\"widget\" data-widget_type=\"stm_testimonials.default\">\n\t\t\t\t<div class=\"elementor-widget-container\">\n\t\t\t\t\t\n\n            <div class=\"stm_testimonials consulting_elementor_testimonials style_1\">\n                            <div class=\"item\">\n                    <div class=\"testimonial\"><p>\u00ab Le meilleur moyen de r\u00e9ussir, c\u2019est toujours d\u2019essayer encore une fois. \u00bb<\/p>\n<\/div>\n                    <div class=\"testimonial-info clearfix\">\n                        <div class=\"testimonial-image\"><img loading=\"lazy\" decoding=\"async\" width=\"50\" height=\"50\" src=\"https:\/\/davidbayang.com\/wp-content\/uploads\/2021\/02\/0d0be926-6ec3-4630-a811-4d2f444eaee7-50x50.jpeg\" class=\"attachment-consulting-image-50x50-croped size-consulting-image-50x50-croped wp-post-image\" alt=\"\" srcset=\"https:\/\/davidbayang.com\/wp-content\/uploads\/2021\/02\/0d0be926-6ec3-4630-a811-4d2f444eaee7-50x50.jpeg 50w, https:\/\/davidbayang.com\/wp-content\/uploads\/2021\/02\/0d0be926-6ec3-4630-a811-4d2f444eaee7-150x150.jpeg 150w, https:\/\/davidbayang.com\/wp-content\/uploads\/2021\/02\/0d0be926-6ec3-4630-a811-4d2f444eaee7.jpeg 200w, https:\/\/davidbayang.com\/wp-content\/uploads\/2021\/02\/0d0be926-6ec3-4630-a811-4d2f444eaee7-100x100.jpeg 100w\" sizes=\"(max-width: 50px) 100vw, 50px\" \/><\/div>\n                        <div class=\"testimonial-text\">\n                            <div class=\"name\">Thomas Edison<\/div>\n                            <div class=\"company\">\n                                Scientifique                            <\/div>\n                        <\/div>\n                    <\/div>\n                <\/div>\n                    <\/div>\n    \n\t\t\t\t<\/div>\n\t\t\t\t<\/div>\n\t\t\t\t\t<\/div>\n\t\t<\/div>\n\t\t\t\t\t<\/div>\n\t\t<\/section>\n\t\t\t\t<\/div>\n\t\t    \n<\/div>\t\t\t\t<\/div>\n\t\t\t\t<\/div>\n\t\t\t\t\t<\/div>\n\t\t<\/div>\n\t\t\t\t\t<\/div>\n\t\t<\/section>\n\t\t\t\t<section class=\"elementor-section elementor-top-section elementor-element elementor-element-7515de9 third_bg_color elementor-section-boxed elementor-section-height-default elementor-section-height-default\" data-id=\"7515de9\" data-element_type=\"section\" data-settings=\"{&quot;background_background&quot;:&quot;classic&quot;}\">\n\t\t\t\t\t\t<div class=\"elementor-container elementor-column-gap-default\">\n\t\t\t\t\t<div class=\"elementor-column elementor-col-100 elementor-top-column elementor-element elementor-element-75164d0\" data-id=\"75164d0\" data-element_type=\"column\">\n\t\t\t<div class=\"elementor-widget-wrap elementor-element-populated\">\n\t\t\t\t\t\t<div class=\"elementor-element elementor-element-7516a74 elementor-widget elementor-widget-vc_cta\" data-id=\"7516a74\" data-element_type=\"widget\" data-widget_type=\"vc_cta.default\">\n\t\t\t\t<div class=\"elementor-widget-container\">\n\t\t\t\t\t\n<div class=\"ce_cta ce_cta_4d6e283d44f9630ffa66839df1b3835e ce_text_left third_bg_color add_button_right btn_align_right btn_button_block_true btn_has_icon btn_has_icon_on_the_right\" id=\"\">\n\n    <div class=\"ce_cta__content\">\n        <div class=\"ce_cta__content__header\">\n            <h2  class='ce_cta__content__title '><span style='text-transform: uppercase'>C<\/span>herchez-vous un consultant pour vos challenges structurels et organisationnels ?<\/h2>                    <\/div>\n\n        \n    <\/div>\n\n    \n        <div class=\"ce_cta__action\">\n            <a href=\"https:\/\/davidbayang.com\/index.php\/contact\/\"\n                              target=\"_self\"\n               class=\"button \">\n                <span>CONTACTEZ-NOUS<\/span>\n                                    <i class=\"fa fa-chevron-right\"><\/i>\n                            <\/a>\n        <\/div>\n\n    \n<\/div>\n\t\t\t\t<\/div>\n\t\t\t\t<\/div>\n\t\t\t\t\t<\/div>\n\t\t<\/div>\n\t\t\t\t\t<\/div>\n\t\t<\/section>\n\t\t\t\t<\/div>\n\t\t","protected":false},"excerpt":{"rendered":"<p>R\u00c9SEAU \u00ab\u00a0SORTIR DU NUCL\u00c9AIRE\u00bb Le R\u00e9seau \u00ab\u00a0Sortir du Nucl\u00e9aire\u00a0\u00bb rassemble aujourd\u2019hui 723 associations et plus de 14 000 individus. Association libre et ind\u00e9pendante, elle est financ\u00e9e exclusivement gr\u00e2ce aux dons et cotisations de ses membres. Son r\u00f4le est de r\u00e9unir toutes les personnes qui souhaitent exprimer leur volont\u00e9 d\u2019une sortie du nucl\u00e9aire. En rassemblant les<\/p>\n","protected":false},"author":1,"featured_media":0,"parent":0,"menu_order":0,"comment_status":"closed","ping_status":"closed","template":"","meta":{"footnotes":""},"class_list":["post-390","page","type-page","status-publish","hentry"],"jetpack_sharing_enabled":true,"_links":{"self":[{"href":"https:\/\/davidbayang.com\/index.php\/wp-json\/wp\/v2\/pages\/390","targetHints":{"allow":["GET"]}}],"collection":[{"href":"https:\/\/davidbayang.com\/index.php\/wp-json\/wp\/v2\/pages"}],"about":[{"href":"https:\/\/davidbayang.com\/index.php\/wp-json\/wp\/v2\/types\/page"}],"author":[{"embeddable":true,"href":"https:\/\/davidbayang.com\/index.php\/wp-json\/wp\/v2\/users\/1"}],"replies":[{"embeddable":true,"href":"https:\/\/davidbayang.com\/index.php\/wp-json\/wp\/v2\/comments?post=390"}],"version-history":[{"count":38,"href":"https:\/\/davidbayang.com\/index.php\/wp-json\/wp\/v2\/pages\/390\/revisions"}],"predecessor-version":[{"id":8856,"href":"https:\/\/davidbayang.com\/index.php\/wp-json\/wp\/v2\/pages\/390\/revisions\/8856"}],"wp:attachment":[{"href":"https:\/\/davidbayang.com\/index.php\/wp-json\/wp\/v2\/media?parent=390"}],"curies":[{"name":"wp","href":"https:\/\/api.w.org\/{rel}","templated":true}]}}