{"id":6285,"date":"2019-11-27T11:20:42","date_gmt":"2019-11-27T10:20:42","guid":{"rendered":"http:\/\/consulting.stylemixthemes.com\/demo\/?page_id=6285"},"modified":"2025-05-21T04:28:37","modified_gmt":"2025-05-21T02:28:37","slug":"evenements","status":"publish","type":"page","link":"https:\/\/davidbayang.com\/index.php\/evenements\/","title":{"rendered":"A votre port\u00e9e"},"content":{"rendered":"\t\t<div data-elementor-type=\"wp-page\" data-elementor-id=\"6285\" class=\"elementor elementor-6285 elementor-bc-flex-widget\">\n\t\t\t\t\t\t<section class=\"elementor-section elementor-top-section elementor-element elementor-element-835c052 elementor-section-boxed elementor-section-height-default elementor-section-height-default\" data-id=\"835c052\" data-element_type=\"section\">\n\t\t\t\t\t\t<div class=\"elementor-container elementor-column-gap-default\">\n\t\t\t\t\t<div class=\"elementor-column elementor-col-66 elementor-top-column elementor-element elementor-element-835c6a3\" data-id=\"835c6a3\" data-element_type=\"column\">\n\t\t\t<div class=\"elementor-widget-wrap elementor-element-populated\">\n\t\t\t\t\t\t<div class=\"elementor-element elementor-element-835cbdf elementor-widget elementor-widget-stm_news\" data-id=\"835cbdf\" data-element_type=\"widget\" data-widget_type=\"stm_news.default\">\n\t\t\t\t<div class=\"elementor-widget-container\">\n\t\t\t\t\t\n\n    <div class=\"stm_news  consulting_elementor_posts\">\n        <ul class=\"news_list posts_per_row_\">\n\n                                                <li class=\"view_style_3\">\n    <div class=\"post_item\">\n                    <a href=\"https:\/\/davidbayang.com\/index.php\/2025\/06\/07\/capaciter-les-acteurs-de-la-societe-civile\/\" class=\"image\">\n                <img decoding=\"async\" class=\"\" src=\"https:\/\/davidbayang.com\/wp-content\/uploads\/2025\/06\/atr1-260x170.jpg\" width=\"260\" height=\"170\" alt=\"atr1\" title=\"atr1\" \/>            <\/a>\n                <div class=\"content\">\n            <a href=\"https:\/\/davidbayang.com\/index.php\/2025\/06\/07\/capaciter-les-acteurs-de-la-societe-civile\/\" class=\"title base_font_color\">\n                <h5 class=\"secondary_font_color_hv\">Capaciter les acteurs de la soci\u00e9t\u00e9 civile<\/h5>\n            <\/a>\n            <div class=\"description\">\n                <p>Certaines communaut\u00e9s villageoises sont confront\u00e9es \u00e0 un recul de pr\u00e9servation de leurs droits ainsi qu\u2019\u00e0 une perp\u00e9tuation des discriminations \u00e0 l\u2019encontre des femmes. <\/p>\n            <\/div>\n            <a href=\"https:\/\/davidbayang.com\/index.php\/2025\/06\/07\/capaciter-les-acteurs-de-la-societe-civile\/\" class=\"read_more\">\n                <i class=\"stm-lnr-arrow-right third_bg_color base_bg_color_hv\"><\/i>\n                <span>\n                Lire plus                <\/span>\n            <\/a>\n        <\/div>\n    <\/div>\n<\/li>                                                    <li class=\"view_style_3\">\n    <div class=\"post_item\">\n                    <a href=\"https:\/\/davidbayang.com\/index.php\/2019\/12\/09\/etre-humanitaire-est-il-un-metier\/\" class=\"image\">\n                <img decoding=\"async\" class=\"\" src=\"https:\/\/davidbayang.com\/wp-content\/uploads\/2019\/12\/e865237f-1286-428e-a54e-5fc981f5075f-260x170.jpeg\" width=\"260\" height=\"170\" alt=\"e865237f-1286-428e-a54e-5fc981f5075f\" title=\"e865237f-1286-428e-a54e-5fc981f5075f\" \/>            <\/a>\n                <div class=\"content\">\n            <a href=\"https:\/\/davidbayang.com\/index.php\/2019\/12\/09\/etre-humanitaire-est-il-un-metier\/\" class=\"title base_font_color\">\n                <h5 class=\"secondary_font_color_hv\">\u00catre humanitaire, est-il un m\u00e9tier\u00a0?<\/h5>\n            <\/a>\n            <div class=\"description\">\n                <p>Vous r\u00eavez d\u2019exercer un m\u00e9tier au service des autres et o\u00f9 vous vous sentirez utile ? L\u2019humanitaire est fait pour vous. En plus, le secteur fait appel \u00e0 des profils vari\u00e9s. Mais si la bonne volont\u00e9 est de rigueur, elle ne suffit pas <\/p>\n            <\/div>\n            <a href=\"https:\/\/davidbayang.com\/index.php\/2019\/12\/09\/etre-humanitaire-est-il-un-metier\/\" class=\"read_more\">\n                <i class=\"stm-lnr-arrow-right third_bg_color base_bg_color_hv\"><\/i>\n                <span>\n                Lire plus                <\/span>\n            <\/a>\n        <\/div>\n    <\/div>\n<\/li>                                                    <li class=\"view_style_3\">\n    <div class=\"post_item\">\n                    <a href=\"https:\/\/davidbayang.com\/index.php\/2016\/01\/22\/les-6-qualites-dun-bon-projet-de-solidarite\/\" class=\"image\">\n                <img decoding=\"async\" class=\"\" src=\"https:\/\/davidbayang.com\/wp-content\/uploads\/2019\/12\/94edc418-ce8c-441f-ab69-71e2a5910db0-260x170.jpg\" width=\"260\" height=\"170\" alt=\"94edc418-ce8c-441f-ab69-71e2a5910db0\" title=\"94edc418-ce8c-441f-ab69-71e2a5910db0\" \/>            <\/a>\n                <div class=\"content\">\n            <a href=\"https:\/\/davidbayang.com\/index.php\/2016\/01\/22\/les-6-qualites-dun-bon-projet-de-solidarite\/\" class=\"title base_font_color\">\n                <h5 class=\"secondary_font_color_hv\">Les 6 qualit\u00e9s d\u2019un bon Projet de solidarit\u00e9<\/h5>\n            <\/a>\n            <div class=\"description\">\n                <p>Aujourd\u2019hui la concurrence entre les porteurs de projet fait que seuls les projets pr\u00e9sentant la meilleure d\u00e9marche qualit\u00e9, une analyse des risques et s\u2019int\u00e9grant dans une d\u00e9marche de d\u00e9veloppement plus large (locale, nationale et internationale) ont des chances d\u2019\u00eatre financ\u00e9s.<\/p>\n            <\/div>\n            <a href=\"https:\/\/davidbayang.com\/index.php\/2016\/01\/22\/les-6-qualites-dun-bon-projet-de-solidarite\/\" class=\"read_more\">\n                <i class=\"stm-lnr-arrow-right third_bg_color base_bg_color_hv\"><\/i>\n                <span>\n                Lire plus                <\/span>\n            <\/a>\n        <\/div>\n    <\/div>\n<\/li>                                                    <li class=\"view_style_3\">\n    <div class=\"post_item\">\n                    <a href=\"https:\/\/davidbayang.com\/index.php\/2016\/01\/22\/les-grandes-etapes-de-lelaboration-dun-projet-de-solidarite\/\" class=\"image\">\n                <img loading=\"lazy\" decoding=\"async\" class=\"\" src=\"https:\/\/davidbayang.com\/wp-content\/uploads\/2016\/01\/art1-260x170.png\" width=\"260\" height=\"170\" alt=\"art1\" title=\"art1\" \/>            <\/a>\n                <div class=\"content\">\n            <a href=\"https:\/\/davidbayang.com\/index.php\/2016\/01\/22\/les-grandes-etapes-de-lelaboration-dun-projet-de-solidarite\/\" class=\"title base_font_color\">\n                <h5 class=\"secondary_font_color_hv\">Les grandes \u00e9tapes de l\u2019\u00e9laboration d\u2019un projet de solidarit\u00e9<\/h5>\n            <\/a>\n            <div class=\"description\">\n                <p>Un projet bien ficel\u00e9 constitue votre premier atout pour convaincre des partenaires. Avant de r\u00e9diger votre demande, il est donc n\u00e9cessaire de pr\u00e9voir un temps de concertation avec les b\u00e9n\u00e9ficiaires et les autres acteurs impliqu\u00e9s pour discuter des contours, de l\u2019orientation ainsi que de la mani\u00e8re dont vous voulez pr\u00e9senter votre projet.<\/p>\n            <\/div>\n            <a href=\"https:\/\/davidbayang.com\/index.php\/2016\/01\/22\/les-grandes-etapes-de-lelaboration-dun-projet-de-solidarite\/\" class=\"read_more\">\n                <i class=\"stm-lnr-arrow-right third_bg_color base_bg_color_hv\"><\/i>\n                <span>\n                Lire plus                <\/span>\n            <\/a>\n        <\/div>\n    <\/div>\n<\/li>                        <\/ul>\n    <\/div>\n\n\t\t\t\t<\/div>\n\t\t\t\t<\/div>\n\t\t\t\t\t<\/div>\n\t\t<\/div>\n\t\t\t\t<div class=\"elementor-column elementor-col-33 elementor-top-column elementor-element elementor-element-835ccc8\" data-id=\"835ccc8\" data-element_type=\"column\">\n\t\t\t<div class=\"elementor-widget-wrap elementor-element-populated\">\n\t\t\t\t\t\t<div class=\"elementor-element elementor-element-835d1e6 elementor-widget elementor-widget-stm_sidebar\" data-id=\"835d1e6\" data-element_type=\"widget\" data-widget_type=\"stm_sidebar.default\">\n\t\t\t\t<div class=\"elementor-widget-container\">\n\t\t\t\t\t\n<div class=\"stm_sidebar consulting_elementor_sidebar\">\n\n            \t\t<div data-elementor-type=\"wp-post\" data-elementor-id=\"311\" class=\"elementor elementor-311\">\n\t\t\t\t\t\t<section class=\"elementor-section elementor-top-section elementor-element elementor-element-2bfea1e elementor-section-boxed elementor-section-height-default elementor-section-height-default\" data-id=\"2bfea1e\" data-element_type=\"section\">\n\t\t\t\t\t\t<div class=\"elementor-container elementor-column-gap-default\">\n\t\t\t\t\t<div class=\"elementor-column elementor-col-100 elementor-top-column elementor-element elementor-element-276d0b5\" data-id=\"276d0b5\" data-element_type=\"column\">\n\t\t\t<div class=\"elementor-widget-wrap elementor-element-populated\">\n\t\t\t\t\t\t<div class=\"elementor-element elementor-element-a03d0b5 elementor-widget elementor-widget-wp-widget-pages\" data-id=\"a03d0b5\" data-element_type=\"widget\" data-widget_type=\"wp-widget-pages.default\">\n\t\t\t\t<div class=\"elementor-widget-container\">\n\t\t\t\t\t<aside class='widget widget_pages'><h5 class=\"widget_title\">Pages<\/h5>\n\t\t\t<ul>\n\t\t\t\t<li class=\"page_item page-item-390\"><a href=\"https:\/\/davidbayang.com\/index.php\/nos-partenaires\/\">Nos partenaires<\/a><\/li>\n<li class=\"page_item page-item-344\"><a href=\"https:\/\/davidbayang.com\/index.php\/notre-approche\/\">Notre approche<\/a><\/li>\n<li class=\"page_item page-item-7002\"><a href=\"https:\/\/davidbayang.com\/index.php\/nous-connaitre\/\">Nous conna\u00eetre<\/a><\/li>\n\t\t\t<\/ul>\n\n\t\t\t<\/aside>\t\t\t\t<\/div>\n\t\t\t\t<\/div>\n\t\t\t\t\t<\/div>\n\t\t<\/div>\n\t\t\t\t\t<\/div>\n\t\t<\/section>\n\t\t\t\t<section class=\"elementor-section elementor-top-section elementor-element elementor-element-8b33444 third_bg_color elementor-section-boxed elementor-section-height-default elementor-section-height-default\" data-id=\"8b33444\" data-element_type=\"section\" data-settings=\"{&quot;background_background&quot;:&quot;classic&quot;}\">\n\t\t\t\t\t\t<div class=\"elementor-container elementor-column-gap-default\">\n\t\t\t\t\t<div class=\"elementor-column elementor-col-100 elementor-top-column elementor-element elementor-element-8b33c62\" data-id=\"8b33c62\" data-element_type=\"column\" data-settings=\"{&quot;background_background&quot;:&quot;classic&quot;}\">\n\t\t\t<div class=\"elementor-widget-wrap elementor-element-populated\">\n\t\t\t\t\t\t<div class=\"elementor-element elementor-element-8b3416e elementor-widget elementor-widget-vc_custom_heading\" data-id=\"8b3416e\" data-element_type=\"widget\" data-widget_type=\"vc_custom_heading.default\">\n\t\t\t\t<div class=\"elementor-widget-container\">\n\t\t\t\t\t<div class=\" vc_custom_heading  consulting_heading_font  text_align_left\" ><div style=\"font-size: 16px;color: #222222;text-align: left;font-weight:700\" class=\"consulting-custom-title\">Comment pouvons-nous vous aider ?\n<\/div><\/div>\t\t\t\t<\/div>\n\t\t\t\t<\/div>\n\t\t\t\t<div class=\"elementor-element elementor-element-8b34671 elementor-widget elementor-widget-text-editor\" data-id=\"8b34671\" data-element_type=\"widget\" data-widget_type=\"text-editor.default\">\n\t\t\t\t<div class=\"elementor-widget-container\">\n\t\t\t\t\t\t\t\t\t<p>Contactez-nous et soumettez vos attentes. Nous allons vous r\u00e9pondre dans les brefs d\u00e9lais<\/p>\n\t\t\t\t\t\t\t\t<\/div>\n\t\t\t\t<\/div>\n\t\t\t\t<div class=\"elementor-element elementor-element-8b34ad1 elementor-widget__width-auto elementor-widget elementor-widget-button\" data-id=\"8b34ad1\" data-element_type=\"widget\" data-widget_type=\"button.default\">\n\t\t\t\t<div class=\"elementor-widget-container\">\n\t\t\t\t\t\t\t\t\t<div class=\"elementor-button-wrapper icon_align_  \">\n\t\t\t\t\t<a class=\"elementor-button elementor-button-link elementor-size-sm\" href=\"https:\/\/davidbayang.com\/index.php\/contact\/\">\n\t\t\t\t\t\t<span class=\"elementor-button-content-wrapper\">\n\t\t\t\t\t\t<span class=\"elementor-button-icon\">\n\t\t\t\t<i aria-hidden=\"true\" class=\"fa fa-phone-square\"><\/i>\t\t\t<\/span>\n\t\t\t\t\t\t\t\t\t<span class=\"elementor-button-text\">Contacts<\/span>\n\t\t\t\t\t<\/span>\n\t\t\t\t\t<\/a>\n\t\t\t\t<\/div>\n\t\t\t\t\t\t\t\t<\/div>\n\t\t\t\t<\/div>\n\t\t\t\t\t<\/div>\n\t\t<\/div>\n\t\t\t\t\t<\/div>\n\t\t<\/section>\n\t\t\t\t<section class=\"elementor-section elementor-top-section elementor-element elementor-element-8b35636 elementor-section-boxed elementor-section-height-default elementor-section-height-default\" data-id=\"8b35636\" data-element_type=\"section\">\n\t\t\t\t\t\t<div class=\"elementor-container elementor-column-gap-default\">\n\t\t\t\t\t<div class=\"elementor-column elementor-col-100 elementor-top-column elementor-element elementor-element-8b35b09\" data-id=\"8b35b09\" data-element_type=\"column\">\n\t\t\t<div class=\"elementor-widget-wrap\">\n\t\t\t\t\t\t\t<\/div>\n\t\t<\/div>\n\t\t\t\t\t<\/div>\n\t\t<\/section>\n\t\t\t\t<section class=\"elementor-section elementor-top-section elementor-element elementor-element-4cf66c5 elementor-section-boxed elementor-section-height-default elementor-section-height-default\" data-id=\"4cf66c5\" data-element_type=\"section\">\n\t\t\t\t\t\t<div class=\"elementor-container elementor-column-gap-default\">\n\t\t\t\t\t<div class=\"elementor-column elementor-col-100 elementor-top-column elementor-element elementor-element-28070c8\" data-id=\"28070c8\" data-element_type=\"column\">\n\t\t\t<div class=\"elementor-widget-wrap elementor-element-populated\">\n\t\t\t\t\t\t<div class=\"elementor-element elementor-element-8b35eec elementor-widget elementor-widget-stm_testimonials\" data-id=\"8b35eec\" data-element_type=\"widget\" data-widget_type=\"stm_testimonials.default\">\n\t\t\t\t<div class=\"elementor-widget-container\">\n\t\t\t\t\t\n\n            <div class=\"stm_testimonials consulting_elementor_testimonials style_1\">\n                            <div class=\"item\">\n                    <div class=\"testimonial\"><p>\u00ab Le meilleur moyen de r\u00e9ussir, c\u2019est toujours d\u2019essayer encore une fois. \u00bb<\/p>\n<\/div>\n                    <div class=\"testimonial-info clearfix\">\n                        <div class=\"testimonial-image\"><img loading=\"lazy\" decoding=\"async\" width=\"50\" height=\"50\" src=\"https:\/\/davidbayang.com\/wp-content\/uploads\/2021\/02\/0d0be926-6ec3-4630-a811-4d2f444eaee7-50x50.jpeg\" class=\"attachment-consulting-image-50x50-croped size-consulting-image-50x50-croped wp-post-image\" alt=\"\" srcset=\"https:\/\/davidbayang.com\/wp-content\/uploads\/2021\/02\/0d0be926-6ec3-4630-a811-4d2f444eaee7-50x50.jpeg 50w, https:\/\/davidbayang.com\/wp-content\/uploads\/2021\/02\/0d0be926-6ec3-4630-a811-4d2f444eaee7-150x150.jpeg 150w, https:\/\/davidbayang.com\/wp-content\/uploads\/2021\/02\/0d0be926-6ec3-4630-a811-4d2f444eaee7.jpeg 200w, https:\/\/davidbayang.com\/wp-content\/uploads\/2021\/02\/0d0be926-6ec3-4630-a811-4d2f444eaee7-100x100.jpeg 100w\" sizes=\"(max-width: 50px) 100vw, 50px\" \/><\/div>\n                        <div class=\"testimonial-text\">\n                            <div class=\"name\">Thomas Edison<\/div>\n                            <div class=\"company\">\n                                Scientifique                            <\/div>\n                        <\/div>\n                    <\/div>\n                <\/div>\n                    <\/div>\n    \n\t\t\t\t<\/div>\n\t\t\t\t<\/div>\n\t\t\t\t\t<\/div>\n\t\t<\/div>\n\t\t\t\t\t<\/div>\n\t\t<\/section>\n\t\t\t\t<\/div>\n\t\t    \n<\/div>\t\t\t\t<\/div>\n\t\t\t\t<\/div>\n\t\t\t\t\t<\/div>\n\t\t<\/div>\n\t\t\t\t\t<\/div>\n\t\t<\/section>\n\t\t\t\t<\/div>\n\t\t","protected":false},"excerpt":{"rendered":"<p>[vc_row][vc_column width=&#8221;2\/3&#8243;][stm_news loop=&#8221;size:10|post_type:post&#8221; view_style=&#8221;style_3&#8243;][\/vc_column][vc_column width=&#8221;1\/3&#8243;][stm_sidebar sidebar=&#8221;311&#8243;][\/vc_column][\/vc_row]<\/p>\n","protected":false},"author":4,"featured_media":0,"parent":0,"menu_order":0,"comment_status":"closed","ping_status":"closed","template":"","meta":{"footnotes":""},"class_list":["post-6285","page","type-page","status-publish","hentry"],"jetpack_sharing_enabled":true,"_links":{"self":[{"href":"https:\/\/davidbayang.com\/index.php\/wp-json\/wp\/v2\/pages\/6285","targetHints":{"allow":["GET"]}}],"collection":[{"href":"https:\/\/davidbayang.com\/index.php\/wp-json\/wp\/v2\/pages"}],"about":[{"href":"https:\/\/davidbayang.com\/index.php\/wp-json\/wp\/v2\/types\/page"}],"author":[{"embeddable":true,"href":"https:\/\/davidbayang.com\/index.php\/wp-json\/wp\/v2\/users\/4"}],"replies":[{"embeddable":true,"href":"https:\/\/davidbayang.com\/index.php\/wp-json\/wp\/v2\/comments?post=6285"}],"version-history":[{"count":6,"href":"https:\/\/davidbayang.com\/index.php\/wp-json\/wp\/v2\/pages\/6285\/revisions"}],"predecessor-version":[{"id":9046,"href":"https:\/\/davidbayang.com\/index.php\/wp-json\/wp\/v2\/pages\/6285\/revisions\/9046"}],"wp:attachment":[{"href":"https:\/\/davidbayang.com\/index.php\/wp-json\/wp\/v2\/media?parent=6285"}],"curies":[{"name":"wp","href":"https:\/\/api.w.org\/{rel}","templated":true}]}}